List the prime factors of 8345159.
23, 179, 2027
List the prime factors of 222193.
222193
What are the prime factors of 20461700?
2, 5, 7, 29231
What are the prime factors of 18845903?
1459, 12917
List the prime factors of 20226773.
7, 19, 152081
List the prime factors of 736453.
61, 12073
What are the prime factors of 32023?
31, 1033
What are the prime factors of 7992820?
2, 5, 11, 47, 773
What are the prime factors of 607327?
7, 53, 1637
List the prime factors of 3298945.
5, 13, 50753
What are the prime factors of 249383?
249383
What are the prime factors of 1766380?
2, 5, 7, 11, 31, 37
List the prime factors of 12578836.
2, 19, 165511
What are the prime factors of 1004248?
2, 7, 79, 227
List the prime factors of 751994.
2, 375997
What are the prime factors of 867798?
2, 3, 37, 1303
What are the prime factors of 1689872?
2, 31, 3407
List the prime factors of 10858720.
2, 5, 67867
List the prime factors of 1295921.
11, 117811
What are the prime factors of 788072?
2, 23, 4283
List the prime factors of 17944.
2, 2243
List the prime factors of 20485.
5, 17, 241
List the prime factors of 1271780.
2, 5, 63589
What are the prime factors of 20416199?
20416199
List the prime factors of 207648.
2, 3, 7, 103
What are the prime factors of 143173?
29, 4937
List the prime factors of 6632210.
2, 5, 13, 17, 3001
List the prime factors of 127387.
13, 41, 239
List the prime factors of 625768.
2, 11, 13, 547
What are the prime factors of 4251028?
2, 443, 2399
List the prime factors of 14864720.
2, 5, 13, 14293
What are the prime factors of 377322?
2, 3, 11, 5717
What are the prime factors of 88565?
5, 17713
What are the prime factors of 546402?
2, 3, 19, 4793
List the prime factors of 313150.
2, 5, 6263
List the prime factors of 3260812.
2, 41, 59, 337
List the prime factors of 267849.
3, 29761
What are the prime factors of 849607?
11, 77237
What are the prime factors of 199314?
2, 3, 3691
List the prime factors of 220178.
2, 7, 15727
List the prime factors of 5383419.
3, 197, 9109
List the prime factors of 135016.
2, 7, 2411
What are the prime factors of 7130573?
7130573
List the prime factors of 500203.
11, 37, 1229
What are the prime factors of 224292?
2, 3, 18691
What are the prime factors of 2903225?
5, 13, 8933
List the prime factors of 267144.
2, 3, 11131
What are the prime factors of 1785216?
2, 3, 4649
What are the prime factors of 1171809?
3, 130201
List the prime factors of 5354699.
7, 23, 79, 421
What are the prime factors of 968570?
2, 5, 96857
List the prime factors of 4594818.
2, 3, 29, 26407
List the prime factors of 3936072.
2, 3, 7, 3347
List the prime factors of 102060.
2, 3, 5, 7
What are the prime factors of 317729?
317729
List the prime factors of 876009.
3, 107, 2729
List the prime factors of 476377.
11, 31, 127
What are the prime factors of 5454443?
149, 36607
List the prime factors of 612734.
2, 306367
List the prime factors of 635327.
7, 11, 37, 223
List the prime factors of 349174.
2, 7, 509
List the prime factors of 3783494.
2, 11, 13, 13229
What are the prime factors of 234526?
2, 149, 787
What are the prime factors of 17017206?
2, 3, 2836201
What are the prime factors of 6128514?
2, 3, 7, 31, 523
What are the prime factors of 1270374?
2, 3, 7, 29, 149
What are the prime factors of 8165424?
2, 3, 67, 2539
List the prime factors of 2991247.
7, 331, 1291
What are the prime factors of 10482819?
3, 3494273
List the prime factors of 231797.
29, 7993
What are the prime factors of 8833683?
3, 2944561
List the prime factors of 1344791.
7, 192113
What are the prime factors of 329898?
2, 3, 54983
List the prime factors of 276382.
2, 138191
List the prime factors of 2951880.
2, 3, 5, 17, 1447
List the prime factors of 166369.
7, 23767
What are the prime factors of 5866745?
5, 1173349
List the prime factors of 49541.
107, 463
What are the prime factors of 1449394?
2, 59, 71, 173
What are the prime factors of 23468459?
7, 233, 14389
What are the prime factors of 5328593?
1103, 4831
List the prime factors of 291427.
113, 2579
What are the prime factors of 420485?
5, 13, 6469
What are the prime factors of 2287887?
3, 7, 108947
List the prime factors of 4884975.
3, 5, 7237
List the prime factors of 5862602.
2, 19, 154279
List the prime factors of 378671.
378671
What are the prime factors of 7650839?
7, 1092977
List the prime factors of 404882.
2, 202441
List the prime factors of 202750.
2, 5, 811
What are the prime factors of 7097196?
2, 3, 211, 2803
What are the prime factors of 397363?
43, 9241
What are the prime factors of 175143?
3, 79, 739
List the prime factors of 29849115.
3, 5, 211, 9431
What are the prime factors of 1295128?
2, 17, 89, 107
List the prime factors of 1453819.
41, 59, 601
What are the prime factors of 202706?
2, 7, 14479
What are the prime factors of 1143387?
3, 7, 18149
List the prime factors of 4518268.
2, 43, 109, 241
List the prime factors of 2718763.
107, 25409
What are the prime factors of 207454?
2, 13, 79, 101
What are the prime factors of 8368615?
5, 1673723
List the prime factors of 405261.
3, 37, 1217
What are the prime factors of 253848?
2, 3, 7, 1511
List the prime factors of 8416800.
2, 3, 5, 7, 167
List the prime factors of 18089809.
18089809
List the prime factors of 21474432.
2, 3, 7, 2663
What are the prime factors of 324592?
2, 20287
List the prime factors of 11442749.
317, 36097
List the prime factors of 24308953.
23, 1056911
List the prime factors of 46216.
2, 53, 109
What are the prime factors of 13036524?
2, 3, 41, 26497
What are the prime factors of 436113?
3, 47, 1031
What are the prime factors of 305389?
7, 43627
List the prime factors of 835967.
11, 75997
What are the prime factors of 684630?
2, 3, 5, 7607
What are the prime factors of 404289?
3, 29, 1549
List the prime factors of 220004.
2, 55001
What are the prime factors of 582956?
2, 11, 13249
List the prime factors of 4287351.
3, 1429117
What are the prime factors of 131870?
2, 5, 13187
What are the prime factors of 925922?
2, 17, 113, 241
What are the prime factors of 871936?
2, 13, 131
What are the prime factors of 16504329?
3, 5501443
What are the prime factors of 133242?
2, 3, 53, 419
List the prime factors of 10175564.
2, 7, 19, 31, 617
What are the prime factors of 586836?
2, 3, 16301
What are the prime factors of 20901838?
2, 269, 38851
What are the prime factors of 22321533?
3, 13, 53, 10799
What are the prime factors of 283660?
2, 5, 13, 1091
What are the prime factors of 207440?
2, 5, 2593
List the prime factors of 4104193.
4104193
What are the prime factors of 101893?
11, 59, 157
What are the prime factors of 634210?
2, 5, 63421
List the prime factors of 109283.
103, 1061
What are the prime factors of 116435?
5, 11, 29, 73
What are the prime factors of 631179?
3, 97, 241
What are the prime factors of 2126006?
2, 43, 59, 419
What are the prime factors of 70109?
13, 5393
List the prime factors of 345006.
2, 3, 6389
List the prime factors of 19926630.
2, 3, 5, 19, 43, 271
What are the prime factors of 379288?
2, 7, 13, 521
List the prime factors of 50497.
50497
What are the prime factors of 1080917?
29, 37273
What are the prime factors of 207330?
2, 3, 5, 6911
List the prime factors of 1724482.
2, 862241
What are the prime factors of 621618?
2, 3, 313, 331
List the prime factors of 367154.
2, 183577
What are the prime factors of 3778649?
7, 79, 6833
What are the prime factors of 281661?
3, 93887
What are the prime factors of 17147441?
17, 647, 1559
What are the prime factors of 34983696?
2, 3, 11, 59, 1123
List the prime factors of 236175.
3, 5, 47, 67
List the prime factors of 4022342.
2, 2011171
What are the prime factors of 670800?
2, 3, 5, 13, 43
List the prime factors of 8067010.
2, 5, 7, 17, 6779
What are the prime factors of 1563594?
2, 3, 421, 619
What are the prime factors of 8376258?
2, 3, 11, 126913
List the prime factors of 733467.
3, 7, 53, 659
List the prime factors of 317006.
2, 31, 5113
List the prime factors of 1820442.
2, 3, 13, 23339
List the prime factors of 713755.
5, 7, 20393
List the prime factors of 1112655.
3, 5, 74177
What are the prime factors of 798679?
7, 71, 1607
What are the prime factors of 8700975?
3, 5, 38671
What are the prime factors of 405819?
3, 67, 673
What are the prime factors of 176825?
5,